{"id":402,"date":"2024-01-31T10:07:02","date_gmt":"2024-01-31T10:07:02","guid":{"rendered":"https:\/\/komisija-za-besedotvorje.zrc-sazu.si\/event-info\/"},"modified":"2024-11-04T20:09:13","modified_gmt":"2024-11-04T20:09:13","slug":"home","status":"publish","type":"page","link":"https:\/\/diaclas.zrc-sazu.si\/en\/","title":{"rendered":"Home"},"content":{"rendered":"\n<h2 class=\"wp-block-heading has-medium-font-size\"><strong>DiaClas<\/strong><br><strong>Dialect classification &#8211; past, present and future<\/strong><br>Ljubljana, April 23-25, 2025<\/h2>\n\n\n\n<h2 class=\"wp-block-heading\" id=\"about-the-conference\"><mark style=\"background-color:rgba(0, 0, 0, 0)\" class=\"has-inline-color has-vivid-cyan-blue-color\"><strong>About the Conference<\/strong><\/mark><\/h2>\n\n\n\n<p>DiaClas invites submissions for paper and poster presentations focusing on methods and techniques for dialect classifications and on the future of dialect classifications in the study of dialectology and language variation.&nbsp;&nbsp;<\/p>\n\n\n\n<p>The symposium is linked to the DIACLEU project (Dialect Classifications of Languages in Europe, <a href=\"https:\/\/www.diacl.eu\">diacl.eu<\/a>), that aims to publish a complete, state-of-the-art, and historical overview of dialect classifications of the endogenous languages spoken in Europe. DIACLEU collects all the classifications published until now for these languages and makes them accessible for an international audience in the open access journal <a href=\"https:\/\/www.edicions.ub.edu\/revistes\/dialectologia\/\" target=\"_blank\" rel=\"noreferrer noopener\">Dialectologia<\/a>.&nbsp;<\/p>\n\n\n\n<p>DiaClas will take place 23-25 April 2025 in Ljubljana (Slovenia). It will be hosted by ZRC SAZU (Research Centre of the Slovenian Academy of Sciences and Arts) &#8211; Fran Ramov\u0161 Institute of the Slovenian Language, and is co-organized by Fryske Akademy and Slovenian Academy of Sciences and Arts.\u00a0<\/p>\n\n\n\n<p>The final conference day, Friday 25 April, will host the 5th Slovenian dialectology conference (SDP 5), dedicated to the 100th anniversary of the first geolinguistic study of the Slovenian language (Tesni\u00e8re 1925).&nbsp;<\/p>\n\n\n\n<p>The symposium has a double perspective:&nbsp;&nbsp;<\/p>\n\n\n\n<p>(1) looking back: critical analyses of past and present dialect classifications;&nbsp;<\/p>\n\n\n\n<p>(2) looking forward: discussing principles, methods and techniques of future classifications.&nbsp;<\/p>\n\n\n\n<p>The papers can focus on both linguistic (e.g., usage-based vs. system-based, theoretical frameworks) and quantitative (e.g., sampling, statistical techniques, hierarchization of boundaries) aspects and their combination (e.g., weight of linguistic features, requirements for definition as a dialect).&nbsp;<\/p>\n\n\n\n<p>We are pleased to announce that our plenary speakers will be <a href=\"https:\/\/www.uni-marburg.de\/de\/fb09\/dsa\/einrichtung\/personen\/lameli\" target=\"_blank\" rel=\"noreferrer noopener\">Alfred Lameli<\/a>, Philipps-Universit\u00e4t Marburg and <a href=\"https:\/\/lki.lt\/en\/be-kategorijos\/prof-dr-danguole-mikuleniene\/\" target=\"_blank\" rel=\"noreferrer noopener\">Danguol\u0117 Mikul\u0117nien\u0117<\/a>, Institute of the Lithuanian Language.<\/p>\n\n\n\n<p>We also invite scientists involved with technologies or methodologies outside linguistics that can be applied to the investigation of dialect classification.&nbsp;<\/p>\n\n\n\n<p>This will be an in-person only symposium.<\/p>\n\n\n\n<h2 class=\"wp-block-heading\"><strong><mark style=\"background-color:rgba(0, 0, 0, 0)\" class=\"has-inline-color has-vivid-cyan-blue-color\">Abstracts<\/mark><\/strong><\/h2>\n\n\n\n<p>We invite abstracts for the following presentation formats:&nbsp;<\/p>\n\n\n\n<ul class=\"wp-block-list\">\n<li>Oral presentation: 20 minutes + 10 minutes discussion&nbsp;<\/li>\n\n\n\n<li>Poster presentation: for work in progress and research plans&nbsp;<\/li>\n<\/ul>\n\n\n\n<p>Abstracts should not exceed 500 words, excluding title and references. The abstract should clearly state the research question(s) or aim(s), theoretical framewoks(s), data, method and (expected) results.<\/p>\n\n\n\n<p>Abstracts can be submitted <a href=\"https:\/\/diaclas.zrc-sazu.si\/en\/registration\/\">here<\/a>.<\/p>\n\n\n\n<p>When submitting, please select for which submission type you would like to be considered. Selecting more than one type will not reduce a submission\u2019s chances of being accepted as an oral presentation. Authors can submit two abstracts if at least one submission is co-authored.&nbsp;<\/p>\n\n\n\n<p>Please, use the <a href=\"https:\/\/clas.wayne.edu\/linguistics\/resources\/style\" target=\"_blank\" rel=\"noreferrer noopener\">unified style sheet for linguistics<\/a>.<\/p>\n\n\n\n<p>After the symposium, the presenters will have the opportunity to submit a paper to a special issue of Dialectologia.&nbsp;<\/p>\n\n\n\n<p>We look forward to seeing you in Ljubljana.<\/p>\n\n\n\n<p>Prof. Dr. Jo\u017eica \u0160kofic, President of the Conference<\/p>\n\n\n\n<h2 class=\"wp-block-heading\" id=\"important-information\"><strong><mark style=\"background-color:rgba(0, 0, 0, 0)\" class=\"has-inline-color has-vivid-cyan-blue-color\">Important Information<\/mark><\/strong><\/h2>\n\n\n\n<ul class=\"wp-block-list\">\n<li>There is NO registration fee for the conference.<\/li>\n\n\n\n<li>The working language of the conference DiaClas is English, at SDP 5 all Slavic languages and English.<\/li>\n\n\n\n<li>After the conference a selection of papers will be published in a special issue of Dialectologia.<\/li>\n\n\n\n<li>Conference participants are responsible for booking and paying their own accommodation and travel expenses.<\/li>\n<\/ul>\n\n\n\n<h2 class=\"wp-block-heading\" id=\"important-dates\"><mark style=\"background-color:rgba(0, 0, 0, 0)\" class=\"has-inline-color has-vivid-cyan-blue-color\"><strong>Important Dates<\/strong><\/mark><\/h2>\n\n\n\n<figure class=\"wp-block-table\"><table><tbody><tr><td>Abstract deadline: 12 December 2024<\/td><\/tr><tr><td>Notification of acceptance: 15 January 2025&nbsp;<\/td><\/tr><tr><td>Registration of participants: 28 February 2025<\/td><\/tr><tr><td>Conference: 23-25 April 2025<\/td><\/tr><tr><td>Full Paper Submission: 30 June 2025<\/td><\/tr><\/tbody><\/table><\/figure>\n\n\n\n<h2 class=\"wp-block-heading\" id=\"venue\"><mark style=\"background-color:rgba(0, 0, 0, 0)\" class=\"has-inline-color has-vivid-cyan-blue-color\"><strong>Venue<\/strong><\/mark><\/h2>\n\n\n\n<p>The conference will take place in the Atrij ZRC on <a href=\"https:\/\/www.google.com\/maps\/place\/Atrij+ZRC\/@46.0475254,14.5021769,17z\/data=!3m1!4b1!4m6!3m5!1s0x47652d645c063f67:0x830024df7792464e!8m2!3d46.0475217!4d14.5047518!16s%2Fg%2F11cmbfj75s?entry=ttu\" data-type=\"link\" data-id=\"https:\/\/www.google.com\/maps\/place\/Atrij+ZRC\/@46.0475254,14.5021769,17z\/data=!3m1!4b1!4m6!3m5!1s0x47652d645c063f67:0x830024df7792464e!8m2!3d46.0475217!4d14.5047518!16s%2Fg%2F11cmbfj75s?entry=ttu\">Novi trg 2<\/a>  in Ljubljana.<\/p>\n\n\n\n<figure class=\"wp-block-image size-large is-resized\"><img loading=\"lazy\" decoding=\"async\" width=\"1024\" height=\"818\" src=\"https:\/\/diaclas.zrc-sazu.si\/wp-content\/uploads\/2024\/02\/Atrij-1-1024x818.jpg\" alt=\"\" class=\"wp-image-638\" style=\"width:673px;height:auto\" srcset=\"https:\/\/diaclas.zrc-sazu.si\/wp-content\/uploads\/2024\/02\/Atrij-1-1024x818.jpg 1024w, https:\/\/diaclas.zrc-sazu.si\/wp-content\/uploads\/2024\/02\/Atrij-1-300x240.jpg 300w, https:\/\/diaclas.zrc-sazu.si\/wp-content\/uploads\/2024\/02\/Atrij-1-768x613.jpg 768w, https:\/\/diaclas.zrc-sazu.si\/wp-content\/uploads\/2024\/02\/Atrij-1.jpg 1500w\" sizes=\"auto, (max-width: 767px) 89vw, (max-width: 1000px) 54vw, (max-width: 1071px) 543px, 580px\" \/><\/figure>\n\n\n\n<p>Atrij ZRC<\/p>\n\n\n\n<h2 class=\"wp-block-heading\" id=\"accommodation-and-travel-information\"><mark style=\"background-color:rgba(0, 0, 0, 0)\" class=\"has-inline-color has-vivid-cyan-blue-color\"><strong>Accommodation and Travel Information<\/strong><\/mark><\/h2>\n\n\n\n<p><strong>HOTELS<\/strong><\/p>\n\n\n\n<p><strong><mark style=\"background-color:rgba(0, 0, 0, 0);color:#dd2553\" class=\"has-inline-color\"><span style=\"text-decoration: underline;\">We recommend that you book your accommodation as early as possible because the end of April and May is already high season in Ljubljana.<\/span><\/mark><\/strong><\/p>\n\n\n\n<figure class=\"wp-block-table\"><table><tbody><tr><td><a href=\"https:\/\/www.hotel-emonec.com\/\" data-type=\"link\" data-id=\"https:\/\/www.hotel-emonec.com\/\">Hotel Emonec<\/a><\/td><td><a href=\"https:\/\/maps.app.goo.gl\/p8Qvg9aNQUcZ5gJq6\" data-type=\"link\" data-id=\"https:\/\/maps.app.goo.gl\/p8Qvg9aNQUcZ5gJq6\">Wolfova ulica 12<\/a><\/td><\/tr><tr><td><a href=\"https:\/\/www.allegrohotel.si\/\" data-type=\"link\" data-id=\"https:\/\/www.allegrohotel.si\/\">Allegro Hotel<\/a><\/td><td><a href=\"https:\/\/maps.app.goo.gl\/3o3M8XDeiM5NTcYW8\" data-type=\"link\" data-id=\"https:\/\/maps.app.goo.gl\/3o3M8XDeiM5NTcYW8\">Gornji trg 6<\/a><\/td><\/tr><tr><td><a href=\"https:\/\/ibisstylesljubljana.com\/rooms\" data-type=\"link\" data-id=\"https:\/\/ibisstylesljubljana.com\/rooms\">Ibis Styles Ljubljana<\/a><\/td><td><a href=\"https:\/\/maps.app.goo.gl\/ZoYUKKXaep2TohqF6\" data-type=\"link\" data-id=\"https:\/\/maps.app.goo.gl\/ZoYUKKXaep2TohqF6\">Miklo\u0161i\u010deva cesta 9<\/a><\/td><\/tr><tr><td><a href=\"https:\/\/www.cityhotel.si\/en\/\" data-type=\"link\" data-id=\"https:\/\/www.cityhotel.si\/en\/\">City Hotel<\/a><\/td><td><a href=\"https:\/\/maps.app.goo.gl\/SNURzdivtXA4Wxm1A\" data-type=\"link\" data-id=\"https:\/\/maps.app.goo.gl\/SNURzdivtXA4Wxm1A\">Dalmatinova ulica 15<\/a><\/td><\/tr><tr><td><a href=\"https:\/\/antiqpalace.com\/\" data-type=\"link\" data-id=\"https:\/\/antiqpalace.com\/\">Antiq Palace<\/a><\/td><td><a href=\"https:\/\/maps.app.goo.gl\/HRbkxMds74h1MxBT7\" data-type=\"link\" data-id=\"https:\/\/maps.app.goo.gl\/HRbkxMds74h1MxBT7\">Gosposka ulica 10<\/a><\/td><\/tr><tr><td><a href=\"https:\/\/www.hotelslon.com\/\" data-type=\"link\" data-id=\"https:\/\/www.hotelslon.com\/\">Hotel Slon<\/a><\/td><td><a href=\"https:\/\/maps.app.goo.gl\/wektiwUEGjQy7PDW7\" data-type=\"link\" data-id=\"https:\/\/maps.app.goo.gl\/wektiwUEGjQy7PDW7\">Slovenska cesta 34<\/a><\/td><\/tr><tr><td><a href=\"https:\/\/hotelmrak.si\/\" target=\"_blank\" rel=\"noreferrer noopener\">Hotel Mrak<\/a><\/td><td><a href=\"https:\/\/www.google.com\/maps\/place\/Hotel+Mrak\/@46.0473397,14.4993589,17z\/data=!4m9!3m8!1s0x47652d6429976c77:0x377688a1ac38debc!5m2!4m1!1i2!8m2!3d46.0473397!4d14.5019338!16s%2Fg%2F1tkd_rmv?entry=ttu&amp;g_ep=EgoyMDI0MTAyOS4wIKXMDSoASAFQAw%3D%3D\" target=\"_blank\" rel=\"noreferrer noopener\">Rimska cesta 4<\/a><\/td><\/tr><\/tbody><\/table><figcaption class=\"wp-element-caption\"><strong><mark style=\"background-color:rgba(0, 0, 0, 0);color:#d52c56\" class=\"has-inline-color\"><span style=\"text-decoration: underline;\"><\/span><\/mark><\/strong><\/figcaption><\/figure>\n\n\n\n<p><\/p>\n\n\n\n<p><strong>TRANSFER FROM LJUBLJANA JO\u017dE PU\u010cNIK AIRPORT<\/strong><\/p>\n\n\n\n<ul class=\"wp-block-list\">\n<li>There is an hourly bus service from the airport to Ljubljana\u2019s Central Station from 10 am to 10 pm (a forty-minute ride; a single ticket costs \u20ac12). &gt; <a href=\"https:\/\/shuttle.nomago.si\/en\/home\" data-type=\"link\" data-id=\"https:\/\/shuttle.nomago.si\/en\/home\">Timetable and ticket booking <\/a><\/li>\n\n\n\n<li>GoOpti transfers. &gt; <a href=\"https:\/\/www.goopti.com\/en\/\" data-type=\"link\" data-id=\"https:\/\/www.goopti.com\/en\/\">Timetable and ticket booking<\/a><\/li>\n<\/ul>\n\n\n<form role=\"search\" method=\"get\" action=\"https:\/\/diaclas.zrc-sazu.si\/en\/\" class=\"wp-block-search__button-outside wp-block-search__text-button wp-block-search\"    ><label class=\"wp-block-search__label\" for=\"wp-block-search__input-1\" >Search<\/label><div class=\"wp-block-search__inside-wrapper\"  style=\"width: 100%\"><input class=\"wp-block-search__input\" id=\"wp-block-search__input-1\" placeholder=\"\" value=\"\" type=\"search\" name=\"s\" required \/><button aria-label=\"Search\" class=\"wp-block-search__button wp-element-button\" type=\"submit\" >Search<\/button><\/div><\/form>","protected":false},"excerpt":{"rendered":"<p>DiaClasDialect classification &#8211; past, present and futureLjubljana, April 23-25, 2025 About the Conference DiaClas invites submissions for paper and poster presentations focusing on methods and techniques for dialect classifications and on the future of dialect classifications in the study of dialectology and language variation.&nbsp;&nbsp; The symposium is linked to the DIACLEU project (Dialect Classifications of &hellip; <\/p>\n<p class=\"link-more\"><a href=\"https:\/\/diaclas.zrc-sazu.si\/en\/\" class=\"more-link\">Continue reading<span class=\"screen-reader-text\"> &#8220;Home&#8221;<\/span><\/a><\/p>\n","protected":false},"author":1,"featured_media":0,"parent":0,"menu_order":1,"comment_status":"closed","ping_status":"closed","template":"","meta":{"ngg_post_thumbnail":0,"footnotes":""},"class_list":["post-402","page","type-page","status-publish","hentry"],"_links":{"self":[{"href":"https:\/\/diaclas.zrc-sazu.si\/en\/wp-json\/wp\/v2\/pages\/402","targetHints":{"allow":["GET"]}}],"collection":[{"href":"https:\/\/diaclas.zrc-sazu.si\/en\/wp-json\/wp\/v2\/pages"}],"about":[{"href":"https:\/\/diaclas.zrc-sazu.si\/en\/wp-json\/wp\/v2\/types\/page"}],"author":[{"embeddable":true,"href":"https:\/\/diaclas.zrc-sazu.si\/en\/wp-json\/wp\/v2\/users\/1"}],"replies":[{"embeddable":true,"href":"https:\/\/diaclas.zrc-sazu.si\/en\/wp-json\/wp\/v2\/comments?post=402"}],"version-history":[{"count":42,"href":"https:\/\/diaclas.zrc-sazu.si\/en\/wp-json\/wp\/v2\/pages\/402\/revisions"}],"predecessor-version":[{"id":1145,"href":"https:\/\/diaclas.zrc-sazu.si\/en\/wp-json\/wp\/v2\/pages\/402\/revisions\/1145"}],"wp:attachment":[{"href":"https:\/\/diaclas.zrc-sazu.si\/en\/wp-json\/wp\/v2\/media?parent=402"}],"curies":[{"name":"wp","href":"https:\/\/api.w.org\/{rel}","templated":true}]}}

<h2 class="wp-block-heading has-medium-font-size"><strong>DiaClas</strong><br><strong>Dialect classification &#8211; past, present and future</strong><br>Ljubljana, April 23-25, 2025</h2>



<h2 class="wp-block-heading" id="about-the-conference"><mark style="background-color:rgba(0, 0, 0, 0)" class="has-inline-color has-vivid-cyan-blue-color"><strong>About the Conference</strong></mark></h2>



<p>DiaClas invites submissions for paper and poster presentations focusing on methods and techniques for dialect classifications and on the future of dialect classifications in the study of dialectology and language variation.&nbsp;&nbsp;</p>



<p>The symposium is linked to the DIACLEU project (Dialect Classifications of Languages in Europe, <a href="https://www.diacl.eu">diacl.eu</a>), that aims to publish a complete, state-of-the-art, and historical overview of dialect classifications of the endogenous languages spoken in Europe. DIACLEU collects all the classifications published until now for these languages and makes them accessible for an international audience in the open access journal <a href="https://www.edicions.ub.edu/revistes/dialectologia/" target="_blank" rel="noreferrer noopener">Dialectologia</a>.&nbsp;</p>



<p>DiaClas will take place 23-25 April 2025 in Ljubljana (Slovenia). It will be hosted by ZRC SAZU (Research Centre of the Slovenian Academy of Sciences and Arts) &#8211; Fran Ramovš Institute of the Slovenian Language, and is co-organized by Fryske Akademy and Slovenian Academy of Sciences and Arts. </p>



<p>The final conference day, Friday 25 April, will host the 5th Slovenian dialectology conference (SDP 5), dedicated to the 100th anniversary of the first geolinguistic study of the Slovenian language (Tesnière 1925).&nbsp;</p>



<p>The symposium has a double perspective:&nbsp;&nbsp;</p>



<p>(1) looking back: critical analyses of past and present dialect classifications;&nbsp;</p>



<p>(2) looking forward: discussing principles, methods and techniques of future classifications.&nbsp;</p>



<p>The papers can focus on both linguistic (e.g., usage-based vs. system-based, theoretical frameworks) and quantitative (e.g., sampling, statistical techniques, hierarchization of boundaries) aspects and their combination (e.g., weight of linguistic features, requirements for definition as a dialect).&nbsp;</p>



<p>We are pleased to announce that our plenary speakers will be <a href="https://www.uni-marburg.de/de/fb09/dsa/einrichtung/personen/lameli" target="_blank" rel="noreferrer noopener">Alfred Lameli</a>, Philipps-Universität Marburg and <a href="https://lki.lt/en/be-kategorijos/prof-dr-danguole-mikuleniene/" target="_blank" rel="noreferrer noopener">Danguolė Mikulėnienė</a>, Institute of the Lithuanian Language.</p>



<p>We also invite scientists involved with technologies or methodologies outside linguistics that can be applied to the investigation of dialect classification.&nbsp;</p>



<p>This will be an in-person only symposium.</p>



<h2 class="wp-block-heading"><strong><mark style="background-color:rgba(0, 0, 0, 0)" class="has-inline-color has-vivid-cyan-blue-color">Abstracts</mark></strong></h2>



<p>We invite abstracts for the following presentation formats:&nbsp;</p>



<ul class="wp-block-list">
<li>Oral presentation: 20 minutes + 10 minutes discussion&nbsp;</li>



<li>Poster presentation: for work in progress and research plans&nbsp;</li>
</ul>



<p>Abstracts should not exceed 500 words, excluding title and references. The abstract should clearly state the research question(s) or aim(s), theoretical framewoks(s), data, method and (expected) results.</p>



<p>Abstracts can be submitted <a href="https://diaclas.zrc-sazu.si/en/registration/">here</a>.</p>



<p>When submitting, please select for which submission type you would like to be considered. Selecting more than one type will not reduce a submission’s chances of being accepted as an oral presentation. Authors can submit two abstracts if at least one submission is co-authored.&nbsp;</p>



<p>Please, use the <a href="https://clas.wayne.edu/linguistics/resources/style" target="_blank" rel="noreferrer noopener">unified style sheet for linguistics</a>.</p>



<p>After the symposium, the presenters will have the opportunity to submit a paper to a special issue of Dialectologia.&nbsp;</p>



<p>We look forward to seeing you in Ljubljana.</p>



<p>Prof. Dr. Jožica Škofic, President of the Conference</p>



<h2 class="wp-block-heading" id="important-information"><strong><mark style="background-color:rgba(0, 0, 0, 0)" class="has-inline-color has-vivid-cyan-blue-color">Important Information</mark></strong></h2>



<ul class="wp-block-list">
<li>There is NO registration fee for the conference.</li>



<li>The working language of the conference DiaClas is English, at SDP 5 all Slavic languages and English.</li>



<li>After the conference a selection of papers will be published in a special issue of Dialectologia.</li>



<li>Conference participants are responsible for booking and paying their own accommodation and travel expenses.</li>
</ul>



<h2 class="wp-block-heading" id="important-dates"><mark style="background-color:rgba(0, 0, 0, 0)" class="has-inline-color has-vivid-cyan-blue-color"><strong>Important Dates</strong></mark></h2>



<figure class="wp-block-table"><table><tbody><tr><td>Abstract deadline: 12 December 2024</td></tr><tr><td>Notification of acceptance: 15 January 2025&nbsp;</td></tr><tr><td>Registration of participants: 28 February 2025</td></tr><tr><td>Conference: 23-25 April 2025</td></tr><tr><td>Full Paper Submission: 30 June 2025</td></tr></tbody></table></figure>



<h2 class="wp-block-heading" id="venue"><mark style="background-color:rgba(0, 0, 0, 0)" class="has-inline-color has-vivid-cyan-blue-color"><strong>Venue</strong></mark></h2>



<p>The conference will take place in the Atrij ZRC on <a href="https://www.google.com/maps/place/Atrij+ZRC/@46.0475254,14.5021769,17z/data=!3m1!4b1!4m6!3m5!1s0x47652d645c063f67:0x830024df7792464e!8m2!3d46.0475217!4d14.5047518!16s%2Fg%2F11cmbfj75s?entry=ttu" data-type="link" data-id="https://www.google.com/maps/place/Atrij+ZRC/@46.0475254,14.5021769,17z/data=!3m1!4b1!4m6!3m5!1s0x47652d645c063f67:0x830024df7792464e!8m2!3d46.0475217!4d14.5047518!16s%2Fg%2F11cmbfj75s?entry=ttu">Novi trg 2</a>  in Ljubljana.</p>



<figure class="wp-block-image size-large is-resized"><img loading="lazy" decoding="async" width="1024" height="818" src="https://diaclas.zrc-sazu.si/wp-content/uploads/2024/02/Atrij-1-1024x818.jpg" alt="" class="wp-image-638" style="width:673px;height:auto" srcset="https://diaclas.zrc-sazu.si/wp-content/uploads/2024/02/Atrij-1-1024x818.jpg 1024w, https://diaclas.zrc-sazu.si/wp-content/uploads/2024/02/Atrij-1-300x240.jpg 300w, https://diaclas.zrc-sazu.si/wp-content/uploads/2024/02/Atrij-1-768x613.jpg 768w, https://diaclas.zrc-sazu.si/wp-content/uploads/2024/02/Atrij-1.jpg 1500w" sizes="auto, (max-width: 767px) 89vw, (max-width: 1000px) 54vw, (max-width: 1071px) 543px, 580px" /></figure>



<p>Atrij ZRC</p>



<h2 class="wp-block-heading" id="accommodation-and-travel-information"><mark style="background-color:rgba(0, 0, 0, 0)" class="has-inline-color has-vivid-cyan-blue-color"><strong>Accommodation and Travel Information</strong></mark></h2>



<p><strong>HOTELS</strong></p>



<p><strong><mark style="background-color:rgba(0, 0, 0, 0);color:#dd2553" class="has-inline-color"><span style="text-decoration: underline;">We recommend that you book your accommodation as early as possible because the end of April and May is already high season in Ljubljana.</span></mark></strong></p>



<figure class="wp-block-table"><table><tbody><tr><td><a href="https://www.hotel-emonec.com/" data-type="link" data-id="https://www.hotel-emonec.com/">Hotel Emonec</a></td><td><a href="https://maps.app.goo.gl/p8Qvg9aNQUcZ5gJq6" data-type="link" data-id="https://maps.app.goo.gl/p8Qvg9aNQUcZ5gJq6">Wolfova ulica 12</a></td></tr><tr><td><a href="https://www.allegrohotel.si/" data-type="link" data-id="https://www.allegrohotel.si/">Allegro Hotel</a></td><td><a href="https://maps.app.goo.gl/3o3M8XDeiM5NTcYW8" data-type="link" data-id="https://maps.app.goo.gl/3o3M8XDeiM5NTcYW8">Gornji trg 6</a></td></tr><tr><td><a href="https://ibisstylesljubljana.com/rooms" data-type="link" data-id="https://ibisstylesljubljana.com/rooms">Ibis Styles Ljubljana</a></td><td><a href="https://maps.app.goo.gl/ZoYUKKXaep2TohqF6" data-type="link" data-id="https://maps.app.goo.gl/ZoYUKKXaep2TohqF6">Miklošičeva cesta 9</a></td></tr><tr><td><a href="https://www.cityhotel.si/en/" data-type="link" data-id="https://www.cityhotel.si/en/">City Hotel</a></td><td><a href="https://maps.app.goo.gl/SNURzdivtXA4Wxm1A" data-type="link" data-id="https://maps.app.goo.gl/SNURzdivtXA4Wxm1A">Dalmatinova ulica 15</a></td></tr><tr><td><a href="https://antiqpalace.com/" data-type="link" data-id="https://antiqpalace.com/">Antiq Palace</a></td><td><a href="https://maps.app.goo.gl/HRbkxMds74h1MxBT7" data-type="link" data-id="https://maps.app.goo.gl/HRbkxMds74h1MxBT7">Gosposka ulica 10</a></td></tr><tr><td><a href="https://www.hotelslon.com/" data-type="link" data-id="https://www.hotelslon.com/">Hotel Slon</a></td><td><a href="https://maps.app.goo.gl/wektiwUEGjQy7PDW7" data-type="link" data-id="https://maps.app.goo.gl/wektiwUEGjQy7PDW7">Slovenska cesta 34</a></td></tr><tr><td><a href="https://hotelmrak.si/" target="_blank" rel="noreferrer noopener">Hotel Mrak</a></td><td><a href="https://www.google.com/maps/place/Hotel+Mrak/@46.0473397,14.4993589,17z/data=!4m9!3m8!1s0x47652d6429976c77:0x377688a1ac38debc!5m2!4m1!1i2!8m2!3d46.0473397!4d14.5019338!16s%2Fg%2F1tkd_rmv?entry=ttu&amp;g_ep=EgoyMDI0MTAyOS4wIKXMDSoASAFQAw%3D%3D" target="_blank" rel="noreferrer noopener">Rimska cesta 4</a></td></tr></tbody></table><figcaption class="wp-element-caption"><strong><mark style="background-color:rgba(0, 0, 0, 0);color:#d52c56" class="has-inline-color"><span style="text-decoration: underline;"></span></mark></strong></figcaption></figure>



<p></p>



<p><strong>TRANSFER FROM LJUBLJANA JOŽE PUČNIK AIRPORT</strong></p>



<ul class="wp-block-list">
<li>There is an hourly bus service from the airport to Ljubljana’s Central Station from 10 am to 10 pm (a forty-minute ride; a single ticket costs €12). &gt; <a href="https://shuttle.nomago.si/en/home" data-type="link" data-id="https://shuttle.nomago.si/en/home">Timetable and ticket booking </a></li>



<li>GoOpti transfers. &gt; <a href="https://www.goopti.com/en/" data-type="link" data-id="https://www.goopti.com/en/">Timetable and ticket booking</a></li>
</ul>


<form role="search" method="get" action="https://diaclas.zrc-sazu.si/en/" class="wp-block-search__button-outside wp-block-search__text-button wp-block-search"    ><label class="wp-block-search__label" for="wp-block-search__input-1" >Search</label><div class="wp-block-search__inside-wrapper"  style="width: 100%"><input class="wp-block-search__input" id="wp-block-search__input-1" placeholder="" value="" type="search" name="s" required /><button aria-label="Search" class="wp-block-search__button wp-element-button" type="submit" >Search</button></div></form>
